en t(j) is divided by 2.
1
Suppose 0 = 3*i - 2*y, i - 5*y = 6 + 7. Let o(l) = -8*l**3 - 4*l**2 - 2*l + 2. What is the remainder when o(i) is divided by 14?
12
Let c = -3 - -17. Let l(a) = -33*a - 1. Let g be l(-5). Suppose 3*u - g = -u. Calculate the remainder when u is divided by c.
13
Suppose 11*r + 71 = 863. What is the remainder when r is divided by 25?
22
Suppose 0 = 4*s + 7 + 1. Calculate the remainder when (s/3)/1*-9 is divided by 2.
0
Suppose 3*y - 36 = -4*l, -2*y + 2*l + 14 + 10 = 0. Let v(r) = r**2 - 5*r - 1. Let d be v(9). Let u = d + 0. Calculate the remainder when u is divided by y.
11
Let f = -87 - -171. Suppose 60 = -3*r - 2*c, 5*c = 5*r + f + 16. What is the remainder when (3 - 1)/((-1)/r) is divided by 14?
12
Suppose -o - o + 3*s = -120, 282 = 5*o - 3*s. Calculate the remainder when o is divided by 28.
26
Let h(w) = -w**2 + 28. Let u be h(0). Let z be (-5)/3*(-2 - 7). Let k = u + z. What is the remainder when k is divided by 15?
13
Let p(c) = c**2 + 4*c - 10. Calculate the remainder when 2220/70 + 2/7 is divided by p(-7).
10
Let n(a) = 3 + 0*a**2 - a**2 + 5*a**2 - 5*a - 7. What is the remainder when n(5) is divided by 24?
23
Calculate the remainder when 26 is divided by (6/(-18))/(1/27*-1).
8
Suppose 0 = 4*a - 2*b - 40, 5*a + 2*b + 2 - 43 = 0. Suppose 0 = 5*x + 19 - 144. Calculate the remainder when x is divided by a.
7
Let f(d) = 3*d**2 + 5*d + 2. Suppose 6*c = 4*c + 30. Suppose -10*p - 20 = -c*p. Calculate the remainder when f(-3) is divided by p.
2
Suppose -6 = -12*d + 474. Let s = 30 + -16. What is the remainder when d is divided by s?
12
Let y = 6 - 2. What is the remainder when 15 is divided by y?
3
Suppose a - 15*a + 378 = 0. Calculate the remainder when 40 is divided by a.
13
Suppose 4*z + 26 + 118 = 4*o, 0 = 4*o + 5*z - 144. Suppose -208 + o = -4*u. What is the remainder when u is divided by 0 + -1 + (11 - -5)?
13
Let i = -90 - -135. Calculate the remainder when 177 is divided by i.
42
Suppose -2*k - 90 + 262 = 0. Suppose 2*a - 3*t + 11 = k, -3*a = -4*t - 112. Calculate the remainder when a is divided by 13.
10
Suppose 0 = 4*v + 16, 0 = -2*t + 2*v - 0*v + 74. Calculate the remainder when 65 is divided by t.
32
Let d(x) be the first derivative of -x**3/3 - 7*x**2 + 15*x - 1. What is the remainder when 27 is divided by d(-14)?
12
Let s = 407 - 169. Let d(p) = -3*p + 11. Let i be d(8). What is the remainder when 26 is divided by 2/i + s/26?
8
Let v(c) = c**2 + 10*c - 10. Let z be v(-8). Calculate the remainder when 14/91 + (-542)/z is divided by 8.
5
Let g = -11 - -21. Suppose -g*z + 66 = -4*z. What is the remainder when z is divided by 3?
2
Let r(w) = w**2 - 1. Calculate the remainder when r(-4) is divided by ((-4)/3)/(3/(-18)).
7
Suppose 0 = -t + 3*o + 48, 4*t - 294 + 54 = -4*o. Calculate the remainder when t is divided by 10.
7
Let j = 2 - 2. Let p(d) = d**2 - d + 10. Suppose -2*c = c + 5*q - 74, 4*q + 8 = 0. What is the remainder when c is divided by p(j)?
8
Suppose 0 = -5*b - 0*b + 45. Suppose 2*n - 4*l - 90 = 0, -n + 3*l - 45 = -2*n. Suppose n = -4*j + b*j. What is the remainder when 26 is divided by j?
8
Suppose 0 = 19*h + 306 - 2510. What is the remainder when h is divided by 9?
8
Let j be ((-51)/(-12))/(2/8). Suppose 0 = 2*v - 5*h - 11, 0*v + 2*v - 3*h - j = 0. Suppose 0 = 2*d + 3*d - 185. Calculate the remainder when d is divided by v.
11
Let l(n) = -2*n - 4. Suppose u + s = -10, 2*u + 2*s - 7 = 3*u. Calculate the remainder when l(-3) is divided by (2/3)/((-6)/u).
0
Let y(o) = -o**2 - 6*o + 2. What is the remainder when 5 is divided by y(-6)?
1
Suppose 0 = 5*r - 2*n - 269, -3*n + 0*n - 266 = -5*r. Let t = r + -31. Calculate the remainder when t is divided by 13.
11
Let l(s) = 8*s**2 + 2*s. Let c(j) = 2*j - 8 + 6 - 12. What is the remainder when l(-2) is divided by c(12)?
8
Suppose h + 7 = 4*y + 33, -4*y - 4 = 0. What is the remainder when 87 is divided by h?
21
Let t(h) = 27*h + 11. Let a be t(7). Suppose 5*d - g = -0*g + a, 2*g = 0. Calculate the remainder when d is divided by 21.
19
Calculate the remainder when (9/(-6))/((-1)/50) is divided by 26.
23
Let r(k) = 21*k**2 - k - 1. Let o be -6*(21/(-6))/7. Let u(p) = 4*p - 1. Calculate the remainder when r(-1) is divided by u(o).
10
Suppose t = 26 - 8. Calculate the remainder when 35 is divided by t.
17
Let n be 2/7 - (-33)/7. Suppose -2*g = -2*r - n*g + 16, -5*r = -g - 6. Suppose -h - r = -p + 14, 5*p = h + 64. Calculate the remainder when 34 is divided by p.
10
Let p(w) = w**2 + 3*w - 11. What is the remainder when (39/6)/((-1)/(-2)) is divided by p(-6)?
6
Let u(p) = -40*p. Suppose 3*d - 3*s = -4*s + 66, -3*s - 75 = -4*d. What is the remainder when u(-1) is divided by d?
19
Let p(c) = 4*c**2 + 4*c + 5. Suppose 2*v - 12 = -v. Let r = v + 1. What is the remainder when p(-2) is divided by r?
3
Let i = -5 + 6. Let q(r) = -4*r - 5 + 1 + i. Calculate the remainder when 13 is divided by q(-2).
3
Let z(k) = 17*k**2 + 4*k + 1. What is the remainder when z(2) is divided by 20?
17
Let z(p) = 8*p - 6. Let y be z(7). Suppose l = -4*l + y. What is the remainder when l is divided by 6?
4
Suppose 4*g = 3*f + 113, -57 - 54 = -4*g + 5*f. Let b(o) = -1 + o + 11*o - 4*o. What is the remainder when g is divided by b(2)?
14
What is the remainder when 8 is divided by (9 - 3 - 4)/1?
0
Suppose 0 = -2*l + 3*i + 18 - 5, l - 4*i + 1 = 0. Calculate the remainder when (8/6)/(4/90) is divided by l.
8
What is the remainder when 58 is divided by (-4)/(-10) + (-2 - 324/(-15))?
18
Let v = -49 + 61. What is the remainder when 190 is divided by v?
10
Let v be 6/4 + (-690)/4. Suppose -2*r = -5*r + 72. What is the remainder when r is divided by v/(-13) + 4/(-26)?
11
Let z(i) = -6*i - 14. Calculate the remainder when 2*14*(-1)/(-4) is divided by z(-3).
3
Let r = 1 + -5. Let a be -3 - r - -4*12. Let b = a - 33. Calculate the remainder when 30 is divided by b.
14
Suppose -3*b + 0*q + 2*q + 249 = 0, -5*q - 258 = -3*b. Calculate the remainder when b is divided by 28.
25
Let l = 6 + -9. What is the remainder when -1 - ((-124)/2 - 0) is divided by (l/(-6))/((-4)/(-168))?
19
Suppose 3*b = b + 98. Let k = -28 + b. Suppose -2*z + 80 = -0*z. Calculate the remainder when z is divided by k.
19
Suppose 15 + 3 = -o. Let q = o - -29. What is the remainder when q is divided by 4?
3
Let h(u) = -u**3 + 5*u**2 + 9*u - 9. Let f = 23 + 2. Calculate the remainder when f is divided by h(6).
7
Let c(t) = 56*t. Let y be c(1). Suppose 2*v = 4*m - 98, 3*m = -0*m + 5*v + y. Calculate the remainder when m is divided by 10.
7
Suppose 118 = 11*v - 157. What is the remainder when 124 is divided by v?
24
Let g be ((-10)/(-15))/(2/24). Suppose 4*z + 96 = g*z. What is the remainder when 71 is divided by z?
23
Suppose -91 - 42 = -7*i. What is the remainder when 55 is divided by i?
17
Let f(s) = 8*s**3 + s. Let m(q) = -q + 5. Suppose 6*x - 16 = 2*x. Let k be m(x). Calculate the remainder when 16 is divided by f(k).
7
Let x(o) = -o**3 + 11*o**2 - 10*o - 3. Let f be x(10). Let a be 4/(-2) + f + -1. Let h(s) = s**2 + 4*s. Calculate the remainder when 21 is divided by h(a).
9
Suppose 2*s = -0*s, 0 = 3*m - 5*s - 252. Calculate the remainder when m is divided by 23.
15
Suppose -99 = 12*q - 291. What is the remainder when 46 is divided by q?
14
Let n be -298*(10/4 - 3). Suppose 0 = t + 4*b - 21, -2*t + 7*t - 2*b - n = 0. Calculate the remainder when t is divided by 10.
9
Let k = 1 + 21. Suppose 5*d - 3*d = k. Let o(b) = -b + 1. What is the remainder when d is divided by o(-5)?
5
Let n be 10 + (-2 - (0 - 0)). Let c = n - -10. What is the remainder when c is divided by 7?
4
Let s = -56 + 102. Calculate the remainder when s is divided by 12.
10
Suppose 4*z = 5*q + 68 - 2, 3*q = 4*z - 70. Calculate the remainder when 31 is divided by z.
12
Let f = 85 + -16. Let l = 32 - 14. Calculate the remainder when f is divided by l.
15
Let i(v) be the first derivative of -v**4/4 - 5*v**3/3 - 2*v**2 - 3*v + 3. Let h be i(-4). Let c = h - -14. Calculate the remainder when 43 is divided by c.
10
Calculate the remainder when (149 - -1)*5/15 is divided by 13.
11
Suppose f + 3*f = 140. What is the remainder when f is divided by ((-36)/(-10))/(1/5)?
17
Suppose 7*j - a = 3*j - 15, j + 5*a = -9. Let b(q) = 3*q - 5. Calculate the remainder when b(6) is divided by 